 2*m**2 + 1. Suppose -23 + 8 = -15*d. Suppose 16*v - 11*v + p + 3 = 0, d = 5*v + 3*p. Give a(v).
3
Let w(k) = -5*k**3 - 10*k**2 - 3*k + 4. Let n(g) = -g**3 - g**2 + g + 2. Let r(d) = 4*n(d) - w(d). Let f(t) = -t**2 - 2*t - 2. Let y be f(-3). Calculate r(y).
-6
Suppose 11*x - 9*x - 51 = 5*g, 0 = -3*x + 9. Let w(q) = 10*q + 7*q + 4*q - 9*q + 13 + q**2. Give w(g).
-14
Suppose -16*c = -3*c - 52. Suppose -7*r = -2*r - 35. Let p(m) = m**3 - 5 + 7 + 0 - 5*m**2 + r*m - 7. Calculate p(c).
7
Let i(s) be the first derivative of 2*s**3/3 - 3*s**2 + 7*s + 2504. Calculate i(7).
63
Let q(f) = f**3 + 6*f**2 + f - 4. Let a = 99 - 96. Suppose -a*j + 60 = -13*j. Give q(j).
-10
Let v = -2 - -8. Let z(y) = 29*y**2 + 13*y - 10. Let u(r) = 18*r**2 + 9*r - 6. Let m(w) = -8*u(w) + 5*z(w). Calculate m(v).
-8
Let l(q) = q**3 - 23*q**2 + 5*q + 42. Let s be l(23). Suppose -s*c + 150*c = 21. Let n(h) = -2*h**2 + 3*h - 3. Calculate n(c).
-30
Let j(x) be the third derivative of x**5/60 + 3*x**4/8 + 2*x**3/3 + x**2 - 1834. Give j(-11).
26
Let h(p) = p**3 - 25*p**2 - p + 21. Suppose -3*g = 9*t - 5*t - 109, -t + 37 = 4*g. Give h(t).
-4
Suppose 9*h = -219 + 246. Let o(s) = h + 321*s**2 - 1 - s - 324*s**2. What is o(2)?
-12
Let w(i) = -13*i - 13*i - 14*i + 9 + 42*i. Suppose -12*t - 33*t - 385 = 10*t. Calculate w(t).
-5
Let s(t) = 0*t + 4 + 5*t + 0*t - t. Let f be 6120/(-1360)*2/3. Calculate s(f).
-8
Let l = -4698 + 4685. Let c(b) = -b**3 - 13*b**2 - b - 9. Calculate c(l).
4
Suppose 0 = 4*b - 181 - 55. Suppose y = 4*t + b, 0 = -4*y + y + 3*t + 177. Let x(h) = -29*h + y*h - 23*h. Give x(-1).
-7
Let a(p) = 28*p - 1. Let w = 590 - 587. Let d be (-4)/w + 2 + 28/84. Determine a(d).
27
Suppose 0 = -b + 297 - 754. Let o = b + 448. Let t(z) = z**2 + 9*z - 2. Calculate t(o).
-2
Let x(a) be the first derivative of -2*a + 7 - 1/2*a**2 - 1/3*a**3. Let f(b) = -b**2 - 21*b - 52. Let l be f(-18). Give x(l).
-8
Suppose -3*d - 4*j = 44, 34 = 42*d - 45*d - 2*j. Let h(m) = 7*m - 33. Determine h(d).
-89
Let h = 5174 + -5145. Let c(u) = -u**2 + 29*u - 6. Give c(h).
-6
Suppose -2*q - 88 = -3*z, -5*q + 152 = 5*z - 3*q. Let g(a) = -3*a - 4*a - 14*a + z*a. Determine g(2).
18
Let l(j) = -j**3 - 6*j**2 - 2*j - 7. Let o be l(-6). Let m(y) = 5*y**2 + 120*y - 33. Let d(n) = -4*n**2 - 93*n + 25. Let c(t) = 9*d(t) + 7*m(t). Calculate c(o).
-16
Let w(g) = -224 + 0*g**2 + g**2 + 692 - 242 - 232 + 7*g. Calculate w(-10).
24
Let v(r) = -r**3 + 7*r**2 - r - 8. Let d(m) = m**3 - 8*m**2 + m + 9. Let q(w) = -2*d(w) - 3*v(w). Suppose 34*h - 4*h = 6*h + 120. Determine q(h).
11
Let f(i) = -212*i**2 + 111*i**2 - 13 + 17*i + 100*i**2. Give f(13).
39
Let u(m) = 1222*m + 76. Let y(o) = -205*o - 1. Let k(w) = u(w) + 6*y(w). Determine k(11).
-18
Let v(f) be the third derivative of -1/6*f**4 - 1/60*f**5 + 0*f + 5/6*f**3 + 0 - 3*f**2. Suppose 115 = -185*j + 162*j. Calculate v(j).
0
Let o(p) = p**3 + 9*p**2 - p - 4. Suppose -9*h - 433 = -1081. Suppose 3*s - 12*s = -h. Suppose 18 = -s*v + 6*v. Give o(v).
5
Let v(x) = 3*x - 1. Let w be (-42)/5*(-140)/42. Let a be w/(-266) + (-78)/(-19). Calculate v(a).
11
Let w(m) = -2*m**3 + 4 - 46*m**2 - 4*m + 3*m**3 + 42*m**2. Let i be 0/(-4) + 3 + -10. Let t = i - -12. What is w(t)?
9
Let u(w) be the third derivative of -w**8/6720 + w**7/840 - w**5/40 - 10*w**4/3 + 4*w**2 - w. Let f(i) be the second derivative of u(i). Give f(3).
-3
Suppose 10*f - 176 = 15 + 49. Let g(p) = -25*p + 600. Determine g(f).
0
Let i(r) = r**2 + 25*r + 31. Let k be i(-24). Let v(s) = -s**3 + s + 2. Let h be v(0). Let n(f) = 5 - h*f**2 + 0*f**2 - k*f + f**2 + 2*f**2. Calculate n(4).
-7
Let t(a) be the first derivative of a**4/4 + 5*a**3 - 13*a**2 - 24*a - 3609. What is t(-17)?
-160
Let t(k) = 7*k**3 - 21*k**2 + 18*k - 17. Let y(i) = -20*i**3 + 60*i**2 - 51*i + 48. Let s(d) = 17*t(d) + 6*y(d). Give s(3).
-1
Let x be (-6 - 92 - -4)*1/(-2). Let h = 45 - x. Let s(d) be the second derivative of 4*d**3/3 + 3*d**2/2 - 23*d - 2. Give s(h).
-13
Let s(x) = x**2 - 4*x. Suppose -m = 5*n - 32, -6*n = -4*m - 8*n + 92. Suppose -12*g + m*g = 70. What is s(g)?
21
Let h(m) = -m**3 - 4*m**2 - m - 4. Let d(v) = -2*v + 20. Let r be d(10). Suppose r = 25*o - 29*o + 60. Let k be (-4)/(-6) - (55/o + 1). Give h(k).
0
Let m(z) = 2*z + 10. Let d be m(-4). Let n(q) = 41*q**2 - 7*q - 1. Let p(a) = -35*a**2 + 6*a + 1. Let f(u) = 6*n(u) + 7*p(u). Give f(d).
5
Suppose -2*y + 2*n - 86 = 0, 3*n = -2*y + y - 51. Let i = y - -48. Suppose -i*v + w + 5 = 1, 2*v - w - 1 = 0. Let f(o) = -o - 3. What is f(v)?
-6
Suppose 3*o + 79 = 70. Let t be (-1)/o - 252/27. Let c(m) = -3*m + 3. Determine c(t).
30
Let x(n) = -21*n**3 - 6*n**2 - 5*n + 9. Let b(h) = -2*h**2 - h + 2. Let r(w) = -3*b(w) + x(w). Give r(1).
-20
Let l(w) = 3*w - 58. Suppose 986*p - 978*p = 152. What is l(p)?
-1
Suppose -3 = m - 1333*g + 1335*g, 5*m + 5*g = -5. Let w(q) = -43*q**3 + q**2 - 2*q. Give w(m).
-44
Let w(g) = -5*g + 1 + 5*g + 2 + 4 + g. Suppose -5*r - 74 = 3*k, 0 = -3*r + k + 4 - 40. Give w(r).
-6
Suppose -4*y = 5*c - 58, 15*c - 19*c - 2*y + 50 = 0. Let o(d) = d**2 - 21*d + 90. Let r be o(c). Let q(z) = -z**2 - 10*z - 12. Determine q(r).
4
Let n(d) = -2*d**3 - 11*d**2 + 4*d - 5. Suppose 26*o + 100 - 47 = -103. Give n(o).
7
Let v(h) be the third derivative of h**9/60480 + 7*h**6/240 + h**5/30 - 5*h**2. Let g(k) be the third derivative of v(k). Suppose 135*p = 136*p. Determine g(p).
21
Let o(x) = -x**3 + 10*x**2 + 10*x + 4. Let l be 8 + 13 - 13 - 12/(-4). Calculate o(l).
-7
Let u(a) = 6*a**3 + a. Let s be 2/(19/(-76)*16/10). Let b(p) = 23*p + 116. Let z be b(s). Calculate u(z).
7
Suppose -2*x - 10 = -3*b, -103*b + 108*b = 30. Let n(l) = 13*l - 5. Give n(x).
47
Let f = -2 - -100. Let k = f - 92. Let r(u) = u**2 - 6*u. Determine r(k).
0
Suppose 0 = -5*z + 2*p + 20, -3*z + 41*p + 12 = 38*p. Let a(t) be the third derivative of 0 - 1/24*t**z - 5/3*t**3 - 26*t**2 + 0*t. What is a(-13)?
3
Suppose -1101*r + 1115*r + 28 = 0. Let x(c) be the third derivative of c**4/24 + c**3/2 + 9*c**2. Give x(r).
1
Let z(o) = 0*o**3 - 6*o**2 - o**3 - 2 - 5*o + 0*o**3. Suppose 0 = 4*v + 9 - 53. Suppose 9 + v = -4*l. Calculate z(l).
-2
Let f be -26*114/(-247) - 18. Let l(z) = z + 3. Determine l(f).
-3
Let c(o) = 8*o - 172. Suppose 62*z - 327 = 1037. Calculate c(z).
4
Let h = -204 - -253. Let z(c) = h*c - 19*c - 28*c + 0*c**3 + 1 + 4*c**2 - c**3. What is z(4)?
9
Let j(m) = -m + 5. Suppose 11*o = 6*o + 10. Suppose 0 = -4*v + 4*t - 4, 3*v + o*t + 1 = 3*t. Suppose -r + 8*r - 28 = v. Give j(r).
1
Let g(k) be the third derivative of -k**5/60 - k**4/24 + 5*k**3/2 - 20*k**2 + 5*k. Calculate g(3).
3
Let y = -515 - -516. Let r(g) be the second derivative of 0 + 4*g - g**3 + 1/2*g**2. Calculate r(y).
-5
Let k(l) = -l - 6. Let p(i) = -i**3 + i**2 + 4*i + 4. Let s be p(0). Suppose 35 + 9 = -4*w. Let f = w + s. Give k(f).
1
Let s(x) = -x + 13. Let y(j) = 4*j**3 + 7*j**2 + 12*j - 13. Let f(a) = -a**3 + a**2 - a + 2. Let k(w) = -3*f(w) - y(w). Let q be k(-9). What is s(q)?
6
Suppose -3*r + 37 = 3*v + v, 4*r + 23 = 5*v. Let n = 33 + -31. Let u(i) = -2*i - 148*i**n + 10 + 140*i**2 + 6*i + i**3. Give u(v).
-11
Let w(h) = h**3 + 11*h**2 - 28*h - 20. Let r = -17986 - -17973. Calculate w(r).
6
Let f be (-6)/(-12)*(1 + 3)/1. Suppose -x = f*x. Let y(c) = -2*c + x + 19 - 12. Give y(7).
-7
Let f(g) = 2*g**3 + 4*g**2 - 7. Let s be f(0). Let h(x) = 2*x - 14. Give h(s).
-28
Let p be (63/14)/((-3)/8). Let i be -3 + (0 - p/(-3)). Let f(b) = 5*b - 11. Let c(d) = -9*d + 21. Let l(w) = -4*c(w) - 7*f(w). What is l(i)?
-14
Suppose -c = h - 2, -3*h - 1 - 3 = -2*c. Let l(d) = -3*d**2 + 67*d + 69*d - 209*d + 7*d**2 + 72*d. What is l(c)?
14
Let h(f) = 3*f**3 - 8*f**2 + 4*f - 13. Let x(c) = -4*c**3 + 10*c**2 - 2*c + 14. Let p(b) = -3*h(b) - 2*x(b). Determine p(4).
-21
Let p(s) = 299*s - 3*s**2 - 7 + 174*s - 519*s. Calculate p(-15).
8
Suppose -4*d + 4*y + 20 = 0, 0 = -4*d - y + 2*y + 23. Let x be ((0 + 6)/d)/(3/(-15)). Let l(o) = -o - 3. Calculate l(x).
2
Let l(v) = -172896*v**2 + 3*v**3 + 172871*v**2 - 4*v**3 + 2*v + 44. Give l(-25).
-6
Let o(h) = 4*h + 3. Let k be o(-2). Let b(s) = 5*s**2 - 94*s - 5. Let q(i) = 14*i**2 - 257*i - 15. Let z(j) = 11*b(j) - 4*q(j). Determine z(k).
10
Let q(g) be the first derivative of 5/3*g**3 + 30*g - 1/12*g**4 - 3*g**2 + 